What are the prime factors of 23316?
2, 3, 29, 67
List the prime factors of 33013.
33013
What are the prime factors of 4162?
2, 2081
List the prime factors of 5257.
7, 751
What are the prime factors of 27060?
2, 3, 5, 11, 41
List the prime factors of 677.
677
List the prime factors of 1965.
3, 5, 131
What are the prime factors of 3263?
13, 251
List the prime factors of 1496.
2, 11, 17
What are the prime factors of 8073?
3, 13, 23
List the prime factors of 24817.
13, 23, 83
What are the prime factors of 83046?
2, 3, 13841
List the prime factors of 101270.
2, 5, 13, 19, 41
What are the prime factors of 51351?
3, 17117
What are the prime factors of 17300?
2, 5, 173
What are the prime factors of 4783?
4783
What are the prime factors of 8322?
2, 3, 19, 73
What are the prime factors of 10516?
2, 11, 239
What are the prime factors of 3277?
29, 113
List the prime factors of 193.
193
What are the prime factors of 3047?
11, 277
What are the prime factors of 1309?
7, 11, 17
What are the prime factors of 17950?
2, 5, 359
What are the prime factors of 1514?
2, 757
What are the prime factors of 335?
5, 67
What are the prime factors of 301?
7, 43
List the prime factors of 8684.
2, 13, 167
What are the prime factors of 139894?
2, 113, 619
What are the prime factors of 66453?
3, 17, 1303
List the prime factors of 5616.
2, 3, 13
List the prime factors of 24226.
2, 12113
List the prime factors of 11301.
3, 3767
List the prime factors of 652.
2, 163
What are the prime factors of 754?
2, 13, 29
List the prime factors of 3382.
2, 19, 89
List the prime factors of 1144.
2, 11, 13
What are the prime factors of 444?
2, 3, 37
List the prime factors of 1463.
7, 11, 19
What are the prime factors of 429?
3, 11, 13
What are the prime factors of 3673?
3673
List the prime factors of 1156.
2, 17
List the prime factors of 5505.
3, 5, 367
What are the prime factors of 45283?
7, 6469
What are the prime factors of 556?
2, 139
What are the prime factors of 869?
11, 79
List the prime factors of 12.
2, 3
What are the prime factors of 38302?
2, 11, 1741
List the prime factors of 7082.
2, 3541
List the prime factors of 1135.
5, 227
What are the prime factors of 23256?
2, 3, 17, 19
What are the prime factors of 1426?
2, 23, 31
List the prime factors of 859.
859
List the prime factors of 60941.
149, 409
What are the prime factors of 5665?
5, 11, 103
List the prime factors of 41780.
2, 5, 2089
What are the prime factors of 37675?
5, 11, 137
What are the prime factors of 7364?
2, 7, 263
What are the prime factors of 99388?
2, 24847
List the prime factors of 7812.
2, 3, 7, 31
What are the prime factors of 417?
3, 139
What are the prime factors of 20034?
2, 3, 7, 53
List the prime factors of 110894.
2, 7, 89
What are the prime factors of 54730?
2, 5, 13, 421
What are the prime factors of 1390?
2, 5, 139
What are the prime factors of 1937?
13, 149
List the prime factors of 3048.
2, 3, 127
List the prime factors of 2565.
3, 5, 19
List the prime factors of 12548.
2, 3137
What are the prime factors of 18111?
3, 6037
List the prime factors of 82615.
5, 13, 31, 41
What are the prime factors of 1463?
7, 11, 19
What are the prime factors of 44130?
2, 3, 5, 1471
List the prime factors of 178968.
2, 3, 7457
What are the prime factors of 109449?
3, 12161
List the prime factors of 502.
2, 251
List the prime factors of 1842.
2, 3, 307
What are the prime factors of 1996?
2, 499
What are the prime factors of 3159?
3, 13
What are the prime factors of 118285?
5, 41, 577
List the prime factors of 2390.
2, 5, 239
What are the prime factors of 93?
3, 31
What are the prime factors of 3619?
7, 11, 47
List the prime factors of 11774.
2, 7, 29
What are the prime factors of 15051?
3, 29, 173
List the prime factors of 4084.
2, 1021
List the prime factors of 54947.
23, 2389
List the prime factors of 29605.
5, 31, 191
What are the prime factors of 451?
11, 41
What are the prime factors of 851?
23, 37
What are the prime factors of 1064?
2, 7, 19
What are the prime factors of 10893?
3, 3631
What are the prime factors of 81669?
3, 7, 3889
List the prime factors of 8102.
2, 4051
List the prime factors of 556.
2, 139
List the prime factors of 72180.
2, 3, 5, 401
What are the prime factors of 3171?
3, 7, 151
List the prime factors of 568.
2, 71
What are the prime factors of 3997?
7, 571
List the prime factors of 462.
2, 3, 7, 11
What are the prime factors of 12090?
2, 3, 5, 13, 31
List the prime factors of 1961.
37, 53
What are the prime factors of 8319?
3, 47, 59
List the prime factors of 19550.
2, 5, 17, 23
What are the prime factors of 678?
2, 3, 113
What are the prime factors of 8640?
2, 3, 5
List the prime factors of 18446.
2, 23, 401
What are the prime factors of 7184?
2, 449
What are the prime factors of 4584?
2, 3, 191
List the prime factors of 21064.
2, 2633
What are the prime factors of 169613?
19, 79, 113
What are the prime factors of 1082?
2, 541
What are the prime factors of 13488?
2, 3, 281
What are the prime factors of 6413?
11, 53
What are the prime factors of 428?
2, 107
List the prime factors of 3715.
5, 743
List the prime factors of 23212.
2, 7, 829
List the prime factors of 5383.
7, 769
List the prime factors of 51008.
2, 797
List the prime factors of 9593.
53, 181
What are the prime factors of 18618?
2, 3, 29, 107
List the prime factors of 7204.
2, 1801
List the prime factors of 29538.
2, 3, 547
List the prime factors of 4065.
3, 5, 271
What are the prime factors of 148?
2, 37
List the prime factors of 15042.
2, 3, 23, 109
What are the prime factors of 2258?
2, 1129
What are the prime factors of 672?
2, 3, 7
List the prime factors of 578.
2, 17
What are the prime factors of 24465?
3, 5, 7, 233
What are the prime factors of 177860?
2, 5, 8893
List the prime factors of 3705.
3, 5, 13, 19
What are the prime factors of 54661?
47, 1163
List the prime factors of 67.
67
List the prime factors of 431.
431
List the prime factors of 58336.
2, 1823
What are the prime factors of 58007?
19, 43, 71
What are the prime factors of 16699?
16699
List the prime factors of 8869.
7, 181
What are the prime factors of 235?
5, 47
What are the prime factors of 34539?
3, 29, 397
What are the prime factors of 1949?
1949
What are the prime factors of 2391?
3, 797
List the prime factors of 20981.
20981
What are the prime factors of 1482?
2, 3, 13, 19
What are the prime factors of 19445?
5, 3889
What are the prime factors of 7177?
7177
List the prime factors of 67192.
2, 37, 227
List the prime factors of 25752.
2, 3, 29, 37
What are the prime factors of 19148?
2, 4787
List the prime factors of 1055.
5, 211
What are the prime factors of 2853?
3, 317
What are the prime factors of 767?
13, 59
List the prime factors of 54919.
54919
What are the prime factors of 1064?
2, 7, 19
What are the prime factors of 3966?
2, 3, 661
What are the prime factors of 2136?
2, 3, 89
List the prime factors of 96911.
96911
What are the prime factors of 1119?
3, 373
List the prime factors of 1327.
1327
What are the prime factors of 3357?
3, 373
List the prime factors of 126774.
2, 3, 7043
List the prime factors of 34736.
2, 13, 167
List the prime factors of 7312.
2, 457
List the prime factors of 65307.
3, 11, 1979
List the prime factors of 5487.
3, 31, 59
List the prime factors of 10886.
2, 5443
What are the prime factors of 158?
2, 79
What are the prime factors of 1251?
3, 139
List the prime factors of 32628.
2, 3, 2719
What are the prime factors of 1097?
1097
What are the prime factors of 1104?
2, 3, 23
What are the prime factors of 52586?
2, 26293
What are the prime factors of 34418?
2, 17209
List the prime factors of 13715.
5, 13, 211
What are the prime factors of 71037?
3, 877
List the prime factors of 1409.
1409
What are the prime factors of 502?
2, 251
What are the prime factors of 101077?
61, 1657
List the prime factors of 6092.
2, 1523
List the prime factors of 3071.
37, 83
What are the prime factors of 50519?
7, 1031
What are the prime factors of 2282?
2, 7, 163
What are the prime factors of 12337?
13, 73
What are the prime factors of 4150?
2, 5, 83
What are the prime factors of 11280?
2, 3, 5, 47
List the prime factors of 3489.
3, 1163
What are the prime factors of 695?
5, 139
List the prime factors of 108.
2, 3
What are the prime factors of 1